or of 524?
False
Does 87 divide 261?
True
Does 10 divide 4784?
False
Is 152 a factor of 5379?
False
Is 51120 a multiple of 9?
True
Is 80 a multiple of 8?
True
Does 3 divide 738?
True
Is 107 a factor of 84482?
False
Is 6 a factor of 546?
True
Is 14 a factor of 2741?
False
Is 3294 a multiple of 18?
True
Is 37 a factor of 852?
False
Does 2 divide 349?
False
Is 116 a factor of 3619?
False
Is 5 a factor of 4235?
True
Does 9 divide 117?
True
Is 57 a factor of 792?
False
Is 26 a factor of 2795?
False
Does 28 divide 38472?
True
Is 64 a factor of 1984?
True
Is 2 a factor of 156?
True
Does 77 divide 6083?
True
Is 3030 a multiple of 5?
True
Is 60563 a multiple of 357?
False
Is 7 a factor of 819?
True
Does 4 divide 1331?
False
Does 12 divide 62400?
True
Does 12 divide 258?
False
Is 1700 a multiple of 34?
True
Does 25 divide 10620?
False
Does 8 divide 62657?
False
Is 29 a factor of 2233?
True
Is 12 a factor of 5777?
False
Is 640 a multiple of 16?
True
Does 9 divide 207?
True
Does 3 divide 21551?
False
Is 25 a factor of 16146?
False
Does 3 divide 69?
True
Does 6 divide 3234?
True
Is 63 a factor of 39185?
False
Does 17 divide 255?
True
Is 6188 a multiple of 19?
False
Is 2015 a multiple of 13?
True
Is 24 a factor of 33524?
False
Does 36 divide 7488?
True
Is 14 a factor of 9477?
False
Is 373 a multiple of 14?
False
Does 124 divide 5745?
False
Does 389 divide 47659?
False
Is 16 a factor of 4375?
False
Does 12 divide 108?
True
Does 18 divide 18720?
True
Is 2604 a multiple of 28?
True
Is 3917 a multiple of 69?
False
Does 56 divide 14800?
False
Is 2552 a multiple of 44?
True
Is 5309 a multiple of 49?
False
Is 386 a multiple of 72?
False
Is 15 a factor of 41234?
False
Is 29 a factor of 189?
False
Is 45 a factor of 1080?
True
Is 4774 a multiple of 11?
True
Is 7 a factor of 1246?
True
Is 4774 a multiple of 11?
True
Is 124 a factor of 3354?
False
Is 35 a factor of 91350?
True
Does 90 divide 22680?
True
Is 124 a factor of 32364?
True
Is 141 a factor of 19296?
False
Does 192 divide 1068?
False
Is 2 a factor of 102?
True
Is 10 a factor of 202?
False
Does 130 divide 520?
True
Is 190 a factor of 18725?
False
Is 5110 a multiple of 70?
True
Is 58 a factor of 15557?
False
Does 2 divide 87?
False
Is 1984 a multiple of 16?
True
Is 57299 a multiple of 372?
False
Is 4 a factor of 3457?
False
Is 41 a factor of 16441?
True
Does 46 divide 644?
True
Does 77 divide 5159?
True
Is 19 a factor of 1564?
False
Does 47 divide 16245?
False
Is 79 a factor of 30889?
True
Is 1914 a multiple of 43?
False
Does 5 divide 1617?
False
Does 50 divide 350?
True
Is 11 a factor of 52250?
True
Is 99708 a multiple of 42?
True
Is 8 a factor of 668?
False
Does 38 divide 25325?
False
Is 51294 a multiple of 249?
True
Is 12890 a multiple of 8?
False
Does 4 divide 93?
False
Does 11 divide 35306?
False
Is 13 a factor of 1157?
True
Is 52849 a multiple of 41?
True
Is 43467 a multiple of 87?
False
Is 49 a factor of 2254?
True
Is 18 a factor of 40049?
False
Is 15 a factor of 66?
False
Is 6380 a multiple of 11?
True
Is 75 a factor of 1690?
False
Does 102 divide 8404?
False
Is 20 a factor of 67264?
False
Does 62 divide 26819?
False
Is 52038 a multiple of 118?
True
Does 26 divide 416?
True
Is 2268 a multiple of 21?
True
Is 1292 a multiple of 17?
True
Does 51 divide 8619?
True
Does 353 divide 5295?
True
Is 65 a factor of 18915?
True
Is 2431 a multiple of 9?
False
Is 32148 a multiple of 228?
True
Is 30 a factor of 73200?
True
Does 174 divide 28884?
True
Does 3 divide 1495?
False
Is 201 a factor of 31837?
False
Is 4 a factor of 20924?
True
Is 3590 a multiple of 53?
False
Does 59 divide 2124?
True
Does 7 divide 2653?
True
Is 16 a factor of 576?
True
Does 71 divide 26310?
False
Is 1006 a multiple of 48?
False
Does 3 divide 21831?
True
Is 65 a factor of 11635?
True
Is 8 a factor of 2008?
True
Is 5797 a multiple of 29?
False
Is 27 a factor of 4371?
False
Does 18 divide 105876?
True
Does 6 divide 12390?
True
Is 89 a factor of 2341?
False
Is 233 a factor of 19049?
False
Is 43 a multiple of 2?
False
Does 7 divide 336?
True
Is 10 a factor of 2310?
True
Is 18823 a multiple of 7?
True
Is 25 a factor of 496?
False
Is 3819 a multiple of 60?
False
Is 7 a factor of 36156?
False
Is 13728 a multiple of 32?
True
Is 9 a factor of 4671?
True
Does 15 divide 1770?
True
Is 15300 a multiple of 181?
False
Does 12 divide 2691?
False
Does 57 divide 71877?
True
Is 69 a factor of 20355?
True
Is 103 a factor of 25646?
False
Does 157 divide 54793?
True
Is 741 a multiple of 39?
True
Does 12 divide 372?
True
Is 16 a factor of 3305?
False
Is 2952 a multiple of 18?
True
Is 2 a factor of 18?
True
Is 9769 a multiple of 26?
False
Does 39 divide 1989?
True
Is 1120 a multiple of 14?
True
Is 25 a factor of 839?
False
Does 18 divide 216?
True
Is 37259 a multiple of 15?
False
Is 28 a factor of 4839?
False
Is 4644 a multiple of 108?
True
Does 89 divide 62393?
False
Does 5 divide 879?
False
Does 61 divide 854?
True
Does 110 divide 12100?
True
Is 26765 a multiple of 5?
True
Does 100 divide 900?
True
Does 67 divide 1873?
False
Does 22 divide 1033?
False
Is 264 a multiple of 28?
False
Is 15 a factor of 30?
True
Does 21 divide 550?
False
Is 25 a factor of 2100?
True
Is 146 a factor of 6719?
False
Does 32 divide 1168?
False
Is 106 a multiple of 8?
False
Is 151 a factor of 28690?
True
Is 66845 a multiple of 145?
True
Is 762 a multiple of 32?
False
Is 284 a multiple of 142?
True
Is 11 a factor of 825?
True
Is 3552 a multiple of 9?
False
Is 99 a multiple of 33?
True
Is 5 a factor of 385?
True
Is 2239 a multiple of 24?
False
Is 244 a multiple of 24?
False
Does 55 divide 825?
True
Is 3075 a multiple of 123?
True
Is 16965 a multiple of 15?
True
Is 3930 a multiple of 11?
False
Is 9152 a multiple of 11?
True
Does 25 divide 1787?
False
Does 33 divide 759?
True
Does 15 divide 1050?
True
Is 15150 a multiple of 16?
False
Is 11 a factor of 3284?
False
Is 34 a factor of 34?
True
Is 4620 a multiple of 21?
True
Is 29797 a multiple of 128?
False
Is 31 a factor of 1249?
False
Is 16 a factor of 304?
True
Is 87 a factor of 3132?
True
Does 5 divide 181?
False
Does 86 divide 2363?
False
Does 18 divide 3099?
False
Is 41420 a multiple of 76?
True
Is 39 a factor of 23283?
True
Is 27354 a multiple of 185?
False
Is 2717 a multiple of 20?
False
Is 7051 a multiple of 17?
False
Does 11 divide 10439?
True
Does 4 divide 2140?
True
Does 9 divide 552?
False
Is 25380 a multiple of 135?
True
Does 16 divide 1049?
False
Is 419 a multiple of 35?
False
Is 100 a factor of 22500?
True
Is 2480 a multiple of 40?
True
Is 14 a factor of 1835?
False
Is 32 a factor of 33973?
False
Does 26 divide 4290?
True
Does 6 divide 2067?
False
Is 18 a factor of 22122?
True
Does 17 divide 102?
True
Does 63 divide 378?
True
Is 27 a factor of 2844?
False
Is 22 a factor of 7080?
False
Is 15 a factor of 3855?
True
Is 43956 a multiple of 22?
True
Does 5 divide 368?
False
Is 592 a multiple of 51?
False
Does 3 divide 1704?
True
Does 14 divide 3411?
False
Does 4 divide 10316?
True
Does 14 divide 636?
False
Does 6 divide 933?
False
Is 5444 a multiple of 43?
False
Is 7 a factor of 7042?
True
Does 10 divide 2395?
False
Is 16 a factor of 592?
True
Does 13 divide 40508?
True
Is 15 a factor of 135?
True
Is 354 a multiple of 8?
False
Is 1107 a multiple of 40?
False
Does 11 divide 704?
True
Is 29040 a multiple of 60?
True
Is 15 a factor of 18885?
True
Is 3339 a multiple of 53?
True
Does 60 divide 840?
True
Does 29 divide 2045?
False
Is 28 a factor of 2100?
True
Does 20 divide 8841?
False
Does 18 divide 1574?
False
Does 33 divide 2170?
False
Does 5 divide 2395?
True
Is 67196 a multiple of 415?
False
Is 23 a factor of 9062?
True
Does 11 divide 97869?
False
Does 4 divide 684?
True
Is 233 a multiple of 12?
False
Does 11 divide 748?
True
Is 2 a factor of 2?
True
Is 12166 a multiple of 7?
True
Is 24 a factor of 2519?
False
Is 63 a factor of 3730?
False
Is 42240 a multiple of 160?
True
Does 22 divide 7436?
True
Is 37 a factor of 4556?
False
Is 57 a factor of 3244?
False
Is 624 a multiple of 52?
True
Does 86 divide 5107?
False
Does 49 divide 929?
False
Is 1710 a multiple of 9?
True
Is 1950 a multiple of 30?
True
Is 1169 a multiple of 11?
False
Is 1932 a multiple of 14?
True
Is 596 a multiple of 16?
False
Is 24 a factor of 12288?
True
Is 1612 a multi